0 = -2*s - 2*s + 5*p + 54. Let a(i) = 4*i - 42. Let o be a(s). Give l(o).
4
Let t = -53 - -55. Suppose -k - 9 = -3*k - 3*a, 2*a = -t. Let l(w) = -4*w - 4. What is l(k)?
-28
Let p = -71 + 71. Let b = -1 + 3. Suppose p = 2*y - 4*l + 20, l + b = -3*y - 7. Let c(s) = -s - 3. Determine c(y).
1
Let l(m) = -m**2 + 10*m - 6. Let f = 4 - -5. Let p be l(f). Suppose -2*o = -p*o. Let c(h) = h + 5. Calculate c(o).
5
Let l(p) = 2*p + 14. Suppose 5*y + 2*j = 22, -4*y + 4*j + 14 = -26. Suppose -y*f - 44 = -f - 2*q, 41 = -5*f + 3*q. What is l(f)?
-6
Let u(k) = -59*k + 19*k - 6 + 20*k - k**2 + 18*k. Determine u(-4).
-14
Suppose 319 = 29*j + 29. Let v(l) = -l + 18. Give v(j).
8
Let k(o) be the first derivative of o**2/2 - 6*o - 3. Let i = -21 + 20. Let h = 4 - i. Give k(h).
-1
Let f(d) = -2*d**2 - 4*d - 4. Suppose -12 = -8*n + 5*n. Suppose 13 = -3*q + n. What is f(q)?
-10
Let n(j) be the second derivative of 0 - 1/12*j**4 - 7*j - 2*j**2 + j**3. Calculate n(5).
1
Let a(b) = -2*b**3 + 8*b**2 + 4*b - 10. Let g(q) = 2*q - 23. Let v be g(12). Let l(h) = -h**3 + h**2. Let r(o) = v*l(o) - a(o). Give r(7).
-18
Let k be 116/(-20) - (10 - 16). Let d(w) be the third derivative of -1/24*w**4 + 0 + 9*w**2 - 1/6*w**3 + k*w**5 + 0*w. Give d(-1).
12
Let b(v) be the first derivative of v**6/120 + v**5/10 - 7*v**4/24 - 2*v**3/3 + 11*v**2 - 39. Let n(t) be the second derivative of b(t). Determine n(-7).
-4
Let u be -7 - (-3)/3*1. Let z(w) = -7*w**3 - 54*w**2 - 11*w - 13. Let r(j) = 18*j**3 + 139*j**2 + 27*j + 32. Let q(y) = 5*r(y) + 13*z(y). Determine q(u).
3
Let f(h) = 13*h**3 - 17*h**2 - 25*h + 4. Let k(z) = 6*z + 6*z**3 + 0*z**3 - 1 + 5*z**2 - z**2 - 9*z**3. Let j(r) = 2*f(r) + 9*k(r). Calculate j(3).
2
Let g(y) = 3*y**2 + 2*y + 3. Let x(u) = -2*u**2 - u - 1. Let n(q) = -3*g(q) - 5*x(q). What is n(-3)?
8
Suppose -2*t - 3*t = 3*b + 222, t + 62 = -5*b. Let i = t + 40. Let d(g) = 2*g**2 + 4*g + 2. Give d(i).
2
Let n(f) = -3*f + 4. Let d(b) = 92*b + 94. Let u be d(-1). What is n(u)?
-2
Let s(x) be the first derivative of -x**3/3 - 3*x**2 - x - 2. Let y(m) = -3*m**2 - m - 2. Let h(k) = -k**2 + k + 5. Let n be h(3). Let q be y(n). Give s(q).
7
Let b be ((-4)/12 + 12/(-18))*2. Let n(s) = s**3 + 4*s**2 + 3*s + 1. What is n(b)?
3
Let w(j) = -j**2 - 3*j - 3. Let m be 7 + -4 + -5 - (3 - 1). What is w(m)?
-7
Let o(s) = 2 + 5 - 1 - 5 + s**2. Determine o(0).
1
Suppose 6 = 4*o - 2*q + 2, -5*o + 18 = 4*q. Let v(w) be the first derivative of -4 - 5*w + w**3 + 2*w**o - 1/4*w**4. Determine v(4).
-5
Let l(t) = 2*t. Let c(u) = -6*u + 5. Let i(d) = 6*d - 4. Let b(s) = 3*c(s) + 4*i(s). Let w(q) = 2*b(q) - 5*l(q). Calculate w(4).
6
Let q(t) = 5*t + 4. Let z(r) = -5*r - 5. Let d(y) = -7*q(y) - 6*z(y). Let b(n) = 3*n**2 + 20*n + 14. Let u be b(-6). Give d(u).
-8
Let l(b) = -b**3 + 5*b**2 + 2*b + 2. Let p be l(0). Suppose -6 = a - 50. Let n(o) = o**p - 44 + a - o. Give n(3).
6
Suppose 0 = 2*t - 4*u - 8, -13 + 33 = 5*t + u. Suppose 4 = 3*j + w + 12, -w + t = -3*j. Let z(y) = -y**3 - y**2 + y + 2. Determine z(j).
4
Let i(c) = -15*c. Let l = 77 - 78. What is i(l)?
15
Let s(k) = 24 - 4 - 10 - 6 - 10*k - k**2. Suppose r - 4 = 3*r. Let x(f) = -6*f**2 - 51*f + 19. Let i(c) = r*x(c) + 11*s(c). What is i(6)?
-6
Suppose -3*i + x = -0*i + 1, 0 = -2*i + x. Let v(y) = -2*y**3 + 1. Give v(i).
3
Suppose 5*h - 4*n = -0*n + 26, -5*h = -3*n - 22. Suppose 4*x + 5*b - 15 + h = 0, 0 = 4*x + b + 7. Let k(p) = 2*p**2 + p + 2. Determine k(x).
17
Suppose -5*u = 15, -2*a = -0*a + u - 5. Suppose 14 = -y - a*s, 3 = -y - 3*s - 6. Let q(h) = -3*h**2 + h**2 - y*h + 8*h - h. Determine q(1).
-1
Let w = -580 - -572. Let v(s) = s**2 + 12*s + 29. Calculate v(w).
-3
Let p(m) = m**2 - 7*m. Suppose 16*f - 7*f = 45. Give p(f).
-10
Let l = 12 + -8. Suppose 24 = l*d + 8. Let c(z) = -3*z**2 + 13*z - 15. Let x(k) = -k**2 + 4*k - 5. Let u(y) = 3*c(y) - 8*x(y). Calculate u(d).
7
Let g(x) be the third derivative of x**5/60 + x**4/4 + 5*x**3/6 - x**2. Let f be (-40)/(-12)*(-18)/15. Let w be -2 + (1 - (-12)/f). What is g(w)?
-3
Suppose 2*b - 10 = 0, 2*t - 3*b + 24 - 17 = 0. Let y(h) = -2*h + 8. Calculate y(t).
0
Let w(c) = 2*c**3 + 2*c**3 - 2*c + 4*c**2 + 1 - 2*c**2. Determine w(1).
5
Let g(u) be the second derivative of 3*u**5/10 + u**4/12 + u**3/3 + u**2/2 + 33*u. What is g(-1)?
-6
Let z be ((-4)/5)/(4/(-10)). Let d(y) = 1 + y**z - 1 - 5*y + 6*y. Calculate d(-3).
6
Let n(r) = -r**2 + 6*r - 4. Let h(p) = p**3 + 2*p**2 - 9*p + 2. Let k be h(-4). Give n(k).
-4
Let l(k) = -4*k. Let i(z) = 0 - z**3 + 12*z**2 - z**2 + z + 2 - 7. Let j be i(11). Suppose -3 = 3*h - j*h. Determine l(h).
-4
Let u(t) be the second derivative of -t**3/6 + 4*t**2 + 5*t. Let y = -9 + 8. Let a be -1*(y - 2 - -3). Determine u(a).
8
Suppose 15 - 9 = 2*o. Suppose 5*z + v = 29, 2*z + z = 5*v - 5. Let s(w) = 1 + o*w + w + w**2 + 0 - z*w. Determine s(3).
7
Suppose k + 0 = 4. Let f(i) = i**2 - 3*i - 3. Let l be f(6). Let q be l/20*k/(-1). Let v(r) = r - 3. What is v(q)?
-6
Suppose 0 = -4*v + 4, h - 4*v - 3 + 4 = 0. Suppose 5 = -h*s + 14. Let x(c) = 2*c**2 - 1. Let t(w) = -w**2 + w + 2. Let a(k) = s*x(k) + 2*t(k). What is a(-1)?
3
Suppose -2*d + 7*d + 9 = -3*o, 3*o = 4*d + 18. Let n(f) = 6*f - 10 + 3*f**3 + 6 + 0*f**3 - 4*f**3 + o*f**2. Calculate n(4).
-12
Suppose 5*d + 5*h + 10 = 0, -8*h = 4*d - 3*h + 8. Let j(m) = m**2 + m - 1. Calculate j(d).
1
Suppose -4*b - 4*u - 2 = 6, 4*b + 5*u = -13. Suppose b*v + 35 = -2*v. Let y(k) = -k**3 - 6*k**2 + 6*k - 9. Determine y(v).
-2
Let c(w) = w**2 + w - 2. Let s = -436 + 431. What is c(s)?
18
Let a(v) = -20*v + 1 + 14*v + 5*v. What is a(8)?
-7
Suppose 16*y - 27*y = 66. Let w(x) be the first derivative of x**2 + 9*x - 1. What is w(y)?
-3
Let u(r) = 4*r + 3*r**3 + 13*r**2 - 4*r + 22*r + 47 - 51 - 2*r**3. Give u(-11).
-4
Let t(y) = y**2 - 5*y - 7. Suppose 4*a - 33 = -3*g - 24, a = -2*g + 6. Let p be (-62)/(-6) + (-2)/6. Suppose -g*k = -k - p. What is t(k)?
-7
Let s(i) = i**3 - 4*i**2 - 6*i + 8. Let q be s(5). Suppose -5 + 11 = -q*f. Let u(d) = -d**2 - d. What is u(f)?
-2
Let o(w) = -w + 21. Let x(a) = 2*a - 46. Let v(j) = -9*o(j) - 4*x(j). Let q be (-4)/6*-3 + 3. What is v(q)?
0
Let x(u) be the third derivative of u**7/840 + u**6/120 - u**5/120 + u**4/24 - 8*u**3/3 - 20*u**2. Let m(p) be the first derivative of x(p). Determine m(-3).
4
Let h(v) = 3*v - 4. Let f(n) = 4*n + 119. Let z be f(-29). Give h(z).
5
Let o(g) = -2*g + 8. Let y = 2 + -10. Let v be (6 + y)*(-6)/4. Suppose q - 24 = -v*q. Determine o(q).
-4
Let m(q) = -q - 2. Let c be (3 - 3)/(-2) - (0 - 2). Suppose -3*l - g = c*l + 35, 2*g = l - 4. Calculate m(l).
4
Let c(b) = 2*b + 0*b + 0*b. Let p(u) = -3*u**3 + 32*u**2 + 40*u + 100. Let a be p(12). Determine c(a).
8
Let j(w) = 22*w - 7*w + 3 - 6*w + 2*w. Give j(-2).
-19
Let j(d) = 10*d + 3. Let a(h) = -5*h - 1. Suppose 2*s - 12*s = 50. Let k(b) = s*a(b) - 3*j(b). Calculate k(3).
-19
Let a be ((-20)/1 - -3)*11. Let l be a/(-55) + 4/(-10). Let s(x) = -4*x + 7. Let i(y) = -3*y + 6. Let q(b) = 5*i(b) - 4*s(b). Determine q(l).
5
Let a(k) = k**2 + k - 2. Let h(t) = 2*t**2 + 10*t - 17. Let z(g) = 3*a(g) - h(g). What is z(2)?
1
Let s(y) = 9*y + 1. Suppose -4*k = -5*k + 4. Let w be ((-1)/2)/(k/8). Calculate s(w).
-8
Let c(r) = -2*r**2 - 13 + 30 + 4*r**3 + 3*r**2 - 10*r - 18 + 8*r. What is c(2)?
31
Suppose 4*q - 2*q - 10 = 0. Suppose 7*s - q*s + 14 = 0. Let v be (-1)/s + (-340)/(-70). Let m(c) = -c**3 + 6*c**2 - 4*c - 7. Calculate m(v).
-2
Let x(v) = -v**3 + 14*v**2 - 11*v - 15. Let o = -2260 + 2273. Give x(o).
11
Let w(g) be the first derivative of g**4/4 - 2*g**3 + 3*g + 7. Let o(u) = 4*u**2 - u. Let d be o(1). Suppose -d*c + c = -12. Calculate w(c).
3
Let v(d) = d**2 - 1. Let u(h) = 2*h**2 + 2*h - 1. Let q(c) = -u(c) + 4*v(c). Give q(3).
9
Let i(m) = -5*m**2 - 1 - 2*m**3 + m**3 - m + 0. Suppose 67 - 97 = 6*v. Calculate i(v).
4
Let t(x) = 17*x + 7. Let k(d) = 10*d**2 - 52*d - 51. Let i be k(6). What is t(i)?
-44
Let r = -147 + 148. Let t(g) = 10*g**2 - g. Give t(r).
9
Let n(o) = o**2 - 6*o + 1. Suppose 3*p - 30 = -2*p. Let h = 11 - p. What is n(h)?
-4
Let w(m) = m - 7. Suppose -4*x + 16 = -0. Let z be (-30)/18*(-2)/((-4)/(-6)). Suppose -x = -3*u + b, -z*u = -4*u - b + 2. Give w(u).
-4
Let z(w) = 11*w**2 - 8*w - 20. Let i(o) = -6*o**2 + 5*o + 11. Let 